 5*z = -2*i + 25, 2*z + 2*i + 9 - 25 = 0. Suppose 0 = -z*p + 10 + 101. What are the prime factors of p?
37
Suppose -y = 3*y - 148. Let u = 16 + y. List the prime factors of u.
53
Suppose a - 6*a = 5*b - 8995, -2*b + 3601 = 3*a. What are the prime factors of b?
2, 449
Let r be ((-156)/(-9))/(6/9). List the prime factors of (-5604)/(-78) - (-4)/r.
2, 3
Let r = 147 + -146. Let p(m) = 84*m - 4. What are the prime factors of p(r)?
2, 5
Suppose 608 = 6*h - 1144. Suppose 3*b = -5*q + 12 + h, -b + 106 = 4*q. What are the prime factors of b?
2, 7
Suppose 0 = -5*t + 20, -4*r + 9*t + 4412 = 13*t. List the prime factors of r.
7, 157
Let w(h) = -h**2 + 8*h - 7. Let r be w(7). Suppose r = s - 2*s + 62. List the prime factors of s.
2, 31
Let o(i) be the third derivative of i**6/120 + 2*i**5/15 + i**4/8 - 3*i**3/2 - 18*i**2. List the prime factors of o(-7).
19
Suppose -9*g + 6*g - 18 = 0. List the prime factors of 19/114 - 575/g.
2, 3
Let p(w) = -8*w**3 - 2*w**2 + 8*w + 7. Let k be p(-3). Let m = k + -61. List the prime factors of m.
2, 3, 5
Let a(u) = u**2 - 3. Let g be a(-5). Let k = -20 + g. What are the prime factors of (0 - k)/(2/(-37))?
37
Suppose -3*s + 7 - 1 = 0. Suppose -134 + s = -6*q. Let f = q + -12. List the prime factors of f.
2, 5
Let q be (-16)/10*(-2 - 55/10). List the prime factors of (-1 + 20/(-12))*(-45)/q.
2, 5
Suppose 6 = -2*c, -k - 255 = -2*k - 3*c. List the prime factors of k.
2, 3, 11
Let t = 794 + 545. List the prime factors of t.
13, 103
Suppose 0*l - 176 = -8*l. Let t = -9 + l. What are the prime factors of t?
13
Let x be 4/((31/16 + -2)*-2). Let k = 186 - x. List the prime factors of k.
2, 7, 11
Let n = -321 - -481. Suppose 6*y = 8*y - n. What are the prime factors of y?
2, 5
Let i be 0 - (-3 + 12)/(-3). Let u(n) = 2*n**3 + 2*n**2 - 3*n - 3. Let s be u(i). Suppose 2*h - s = 4*g, h - 118 = -4*h + 2*g. List the prime factors of h.
2, 11
Suppose -9 = m + 4*c - 125, -2*c + 220 = 2*m. Suppose -3*y + m = y. List the prime factors of 4/(-3) + 1899/y.
3, 23
Let p = 124 + -54. Suppose -5*u - 4*q + 110 = 0, -4*q - p = -6*u + u. Suppose 5*f - u = 137. List the prime factors of f.
31
Let n be ((-17)/(51/8))/((-4)/6). Suppose 767 = n*u + 7*b - 6*b, -5*b = -15. List the prime factors of u.
191
Let f(m) = -m**2 + 3*m - 8. Let w be f(-7). Let k = w + 51. Let p = k + 89. What are the prime factors of p?
2, 31
Suppose 5*d - 2*a = 2370, 3*d + 7*a - 1422 = 8*a. What are the prime factors of d?
2, 3, 79
Suppose p - 4*p = 3. Let z = -4 + 6. List the prime factors of (1 - z) + p - -11.
3
Let z(n) = 0*n**2 + 8*n**2 - 3*n**2 + 3*n. Suppose -5*v - 9 = 1. What are the prime factors of z(v)?
2, 7
Let u = -15 + 213. Suppose 2*k + 416 = 6*k - 3*t, 2*k - 4*t - u = 0. What are the prime factors of k?
107
Suppose -11 = -5*j - 1. Let u be (992/40)/((8/(-20))/(-1)). Let c = u - j. List the prime factors of c.
2, 3, 5
Suppose -38*v + 19*v = -2812. List the prime factors of v.
2, 37
Let x be (51/(-4))/((-1)/4). Suppose o - 129 = -3*o + 3*g, 3*g + 9 = 0. Let u = x - o. List the prime factors of u.
3, 7
Suppose 15 = 3*y + h - 29, h = -y + 18. Let z(l) = l**3 - 12*l**2 + 7*l + 9. List the prime factors of z(y).
269
Suppose 2*f + 17 = 3*q, 5*q + 2*f - 20 = -3*f. Suppose 2 - 92 = -q*c. List the prime factors of c.
2, 3
Let z be (-1 - -2 - 20)*-6. Suppose -13*x = -16*x + z. Suppose 3*a = k - 22, -2*a - x - 100 = -4*k. What are the prime factors of k?
37
Let g be (-3)/(-2) + (2 - (-6)/(-4)). List the prime factors of g/5 - (20472/15)/(-8).
3, 19
Suppose 5*u = f - 1, 5*u + 0*u + 5*f - 5 = 0. Suppose -12*b + 5440 - 1732 = u. List the prime factors of b.
3, 103
Let l be (-105)/(-14)*(-2)/(-3). Let j(k) = k**3 - 3*k**2 - k - 3. Let z be j(l). Suppose z = -11*n + 13*n. List the prime factors of n.
3, 7
Let i be -73*(-1 - 0) - 0. Let a = i - 44. List the prime factors of a.
29
Let p be 2/(-5) + 24/10. Suppose -4*t = -4*x + 16, -5*x = -5*t + 3*t - 20. Suppose 5*m - 22 - 7 = -p*y, 0 = x*y + 4*m - 52. What are the prime factors of y?
2, 3
Suppose 2*l = -6 + 8. Suppose -8 = -5*s + v - l, 7 = -s + 3*v. Suppose 3*g = g + 3*j + 80, -s*j = 0. What are the prime factors of g?
2, 5
Suppose 3456 = 3*x - 11*i + 8*i, 0 = -4*x - 4*i + 4600. What are the prime factors of x?
1151
Suppose -7*t + 275 = -2*t. Suppose -g + 17 = -t. What are the prime factors of g?
2, 3
Let h(q) = -q**3 + q**2 - q - 56. Let r be h(0). Let g = r - -91. Suppose g = 4*d - 133. What are the prime factors of d?
2, 3, 7
Let f(l) = -l**2 + 2*l + 70. Let h be f(0). Let w be 14/h + 308/10. Let z = w - 21. What are the prime factors of z?
2, 5
Let o(k) = 69*k**2 - 18*k - 5. What are the prime factors of o(8)?
17, 251
Suppose -166 - 275 = -7*b. Let v = 92 - b. Let x = -25 + v. What are the prime factors of x?
2
Suppose 20*d - 794 = 18*d - 2*h, 4*h - 382 = -d. What are the prime factors of d?
2, 3, 67
Let m = 16 - 7. Let g(k) = k**3 - 10*k**2 + 11*k - 3. Let o be g(m). Suppose 0 = 2*v + 10, -4*y = -2*v - o - 43. What are the prime factors of y?
2, 3
Let k(c) = 3 - 30*c**2 + 50*c**2 - 3*c + 75*c**2 + 5*c. What are the prime factors of k(-1)?
2, 3
Suppose 2*j - 42 = 348. List the prime factors of (-12)/8 - j/(-2).
2, 3
Let w = -42 + 33. List the prime factors of (w/3 - 2) + 141.
2, 17
Let h be (-1 + 0)/((-2)/6). Suppose -4*w + h*w = 0. Suppose 51 = n - w*t - 2*t, -3*n + t + 128 = 0. What are the prime factors of n?
41
Suppose 0 = -2*q + 89 + 7. List the prime factors of q.
2, 3
Suppose 20 = 4*n - 2*n. Suppose -v + n = 5*t - 5, -2*v = 5*t - 50. What are the prime factors of v?
5, 7
Suppose 2137 + 1559 = 4*a. What are the prime factors of a?
2, 3, 7, 11
Let d = 1764 - 1076. List the prime factors of d.
2, 43
Suppose -4*h = -32 - 8. Let q(l) = -79*l + 1. Let c be q(-1). Suppose h*d - c = 8*d. What are the prime factors of d?
2, 5
What are the prime factors of ((-240)/18)/(10/(-555))?
2, 5, 37
Let j = 861 + -337. What are the prime factors of j?
2, 131
Let k(i) = 18*i**2. Let z be k(-1). Suppose z*u - 13*u - 545 = 0. List the prime factors of u.
109
Suppose -3*v - 2*h = v - 80, 0 = -3*v + h + 60. Let d(q) = -q**3 + 6*q**2 - q - 1. Let g be d(6). List the prime factors of -1 + 3 + g + v.
3, 5
Let s be (1 - -13)*(11 + -10). Let a = s + -9. Suppose 0 = 3*g - a*g + 28. What are the prime factors of g?
2, 7
What are the prime factors of (-4)/(-14) + 155760/308?
2, 11, 23
Let t = -445 - -646. What are the prime factors of 0/1 + t/1?
3, 67
Let i be ((-12)/14)/(3/(-21)). What are the prime factors of ((-63)/14)/((-1)/i)?
3
Suppose -9*j + 9736 + 7571 = 0. What are the prime factors of j?
3, 641
Suppose -x = -2*x + 5*f + 135, 3*f = -2*x + 205. Let k = -55 - 11. Let m = k + x. List the prime factors of m.
2, 11
Suppose -8*o = -22 - 466. What are the prime factors of o?
61
What are the prime factors of (16/12)/((-6)/9) + 1002?
2, 5
Let h = 1024 - 699. What are the prime factors of h?
5, 13
Let w(p) = p**3 - p**2 + 2*p + 3. Let m be w(-1). List the prime factors of 5/(0 + -2 + (m - -4)).
5
List the prime factors of ((-265)/(-15))/((-3)/(-90)).
2, 5, 53
Let q(o) = -o**2 + 9*o + 12. Let m be q(10). Suppose -3*g + n + 323 = 0, -2*g + 97 = m*n - 129. List the prime factors of g.
109
Suppose -3*m + 237 + 29 = 2*w, -3*w = 6. List the prime factors of m.
2, 3, 5
Let t = 23 + -44. Let g = -12 - t. Suppose -50 = -s - 5*v, 4*v + 21 = 2*s - g. What are the prime factors of s?
5
Let t = 32 - -431. List the prime factors of t.
463
Let z(y) = y**3 + 21*y**2 + 53*y + 20. What are the prime factors of z(-15)?
5, 23
Let h = -6 - -6. Suppose -232 = 4*k - 4*z, k = -3*z - h*z - 46. Let a = k + 80. What are the prime factors of a?
5
Let m(t) = 14*t**2 - 51*t + 423. What are the prime factors of m(13)?
2, 1063
Suppose -p - h = -246, -4*h + 496 = 2*p - 6*h. List the prime factors of p.
13, 19
Let j(d) = 3*d**2 + 17*d + 10. Let n(w) = -13*w**2 - 69*w - 40. Let o(z) = -9*j(z) - 2*n(z). Let b be o(-9). List the prime factors of 2/(-3) - b/(-3).
2, 7
Let c(l) = -15*l - 2. Let q be c(-2). Let b be 8/(-5) + 2 + 512/20. Let d = q - b. What are the prime factors of d?
2
What are the prime factors of 3076/9 - (80/(-36) - -2)?
2, 3, 19
Let v(c) = 26*c + 26. Let o be v(6). Suppose 2*i = 4*i - o. List the prime factors of i.
7, 13
Let c = -9 + 9. Suppose -3*k + 12 + 0 = c. Lis